{"id":55,"date":"2025-12-08T00:17:31","date_gmt":"2025-12-08T00:17:31","guid":{"rendered":"https:\/\/metiers.solola.info\/?page_id=55"},"modified":"2025-12-08T10:44:56","modified_gmt":"2025-12-08T10:44:56","slug":"tableau-de-gestion-peif-congo","status":"publish","type":"page","link":"https:\/\/fluvial.solola.info\/index.php\/tableau-de-gestion-peif-congo\/","title":{"rendered":"Tableau de Gestion des Candidatures"},"content":{"rendered":"<p>Le tableau de <strong>gestion des candidatures<\/strong> vous permet d\u2019acc\u00e9der \u00e0 votre compte en ligne pour d\u00e9poser vos candidatures et suivre leur \u00e9volution. Veuillez visiter d&rsquo;abord la page d&rsquo;accueil (onglet <strong>Formation et Emplo<\/strong>i), c&rsquo;est l\u00e0 que se trouvent tous les appels \u00e0 candidature sur une liste d\u00e9filante. Veuillez cliquer sur l&rsquo;appel qui vous int\u00e9resse, lire cet appel \u00e0 candidature, avant de chercher \u00e0 cr\u00e9er un compte. ou consulter vos dossier en ligne.<\/p>\n<div class=\"wpabstracts container\">\n\t<div id=\"loginbox\" style=\"margin-top:50px;\" class=\"mainbox col-md-6 col-md-offset-3 col-sm-8 col-sm-offset-2\">\n\t\t<div style=\"padding: 10px 0;\">\n\t\t\tVeuillez vous connecter \u00e0 votre tableau de gestion SVP\t\t<\/div>\n\t\t<div class=\"wpabstracts panel panel-default\">\n\t\t\t<div class=\"wpabstracts panel-heading\">\n\t\t\t\t<div class=\"wpabstracts panel-title\">\n\t\t\t\t\tSe connecter\t\t\t\t<\/div>\n\t\t\t\t<div style=\"float:right; font-size: 80%; position: relative; top:-18px\">Mot de passe oubli\u00e9 <a href=https:\/\/fluvial.solola.info\/index.php\/tableau-de-gestion-peif-congo\/?task=lostpassword>R\u00e9initialiser<\/a><\/div>\n\t\t\t<\/div>\n\n\t\t\t<div style=\"padding-top:30px\" class=\"wpabstracts panel-body\">\n\n\t\t\t\t<div style=\"display:none\" id=\"wpabstracts-alert\" class=\"wpabstracts alert alert-danger col-sm-12\"><\/div>\n\n\t\t\t\t<form id=\"loginform\" class=\"wpabstracts form-horizontal\" role=\"form\">\n\n\t\t\t\t\t<div style=\"margin-bottom: 25px\" class=\"wpabstracts input-group\">\n\t\t\t\t\t\t<span class=\"input-group-addon\"><i class=\"glyphicon glyphicon-user\"><\/i><\/span>\n\t\t\t\t\t\t<input id=\"wpabstracts-username\" type=\"text\" class=\"wpabstracts form-control\" name=\"username\" value=\"\" placeholder=\"username or email\">\n\t\t\t\t\t<\/div>\n\n\t\t\t\t\t<div style=\"margin-bottom: 25px\" class=\"wpabstracts input-group\">\n\t\t\t\t\t\t<span class=\"input-group-addon\"><i class=\"glyphicon glyphicon-lock\"><\/i><\/span>\n\t\t\t\t\t\t<input id=\"wpabstracts-password\" type=\"password\" class=\"wpabstracts form-control\" name=\"password\" placeholder=\"password\">\n\t\t\t\t\t\t<span class=\"input-group-addon password-toggle\" style=\"cursor: pointer;\">\n\t\t\t\t\t\t\t<i class=\"glyphicon glyphicon-eye-open\" id=\"password-icon\"><\/i>\n\t\t\t\t\t\t<\/span>\n\t\t\t\t\t<\/div>\n\n\t\t\t\t\t\t\t\t\t\t\t<div class=\"wpabstracts input-group\">\n\t\t\t\t\t\t\t\t\t<input type=\"hidden\" id=\"captcha_hash\" name=\"captcha_hash\" value=\"20deda8231facbeb8526db42351eb426\" \/>\n\t\t<label for=\"captcha_input\" class=\"wpabstracts control-label\">Entrez le code de s\u00e9curit\u00e9 (obligatoire)<\/label>\n\t\t<div class=\"row\">\n\t\t\t<div class=\"col-xs-8\">\n\t\t\t\t<div class=\"wpabstracts input-group\">\n\t\t\t\t\t<span class=\"input-group-addon\"><i class=\"fas fa-shield-alt\"><\/i><\/span>\n\t\t\t\t\t<input class=\"wpabstracts form-control\" type=\"text\" id=\"captcha_input\" name=\"captcha_input\" required>\n\t\t\t\t<\/div>\n\t\t\t<\/div>\n\t\t\t<div class=\"col-xs-4\">\n\t\t\t\t<img decoding=\"async\" src=\"data:image\/png;base64,iVBORw0KGgoAAAANSUhEUgAAAFAAAAAeCAIAAAA0IQ7mAAAACXBIWXMAAA7EAAAOxAGVKw4bAAAEOklEQVRYhe2YTUgyXRTH7+MXmlRmRrRLN4IbwyREcFeEUGjQQsG+FomLyIiM2iQSgRIUtIsWgZBkWS6ihZB9gERBLorQTZliH0SliOWoM+q7GBLJcXxKH4Pefru5\/Dnn\/s+594zOn0wmA\/5PEL57A5Xm1\/C\/5Obmxmw2q1Qqr9dbyby5VNRwJpO5vLz0er3RaLSSeXMhlR4CQRAYhhEEQRAk9Q6ZTG5oaPig5HA4UqnU6XQSicTS836NMhju6+vz+XxUKpX0TjQara+vt9vt+eJ0Og0AIJHKkPdrlJo4nU4TCASXy0Umk7OLCoWiu7sbUw\/DMADg7zt8dnZ2cHCg0+lK3GeWMhiemZnJdet2u+\/v73t6ejD1qVQKfMaw0WjMvxqlUHxowTAMQRB4b84HSCQSl8vNXVlfX+\/q6qqqqsKMljUMw\/Dq6qpCoRgeHna73YWyx+NxKpVadJN\/D16HA4HA8vKyy+VKJBJSqTQejxuNRvxwDw8PR0dHm5ubhQRo1cLhsM1mUyqVMplsampqZGRkbW2Nw+HkKr1er1arDYVC4XBYLpdTqVQKhWIwGNhs9mcM5pEpwOHh4cTERCgUSiaTS0tLAoHg+Pi4kDjLwsKCRqPBEVitVoFAoNVqk8kkuvLy8iISifR6fb44FotJJBKdTufz+fb393d2dopuoCjYHb64uJifn9\/Y2EBPJp\/PBwA0Nzfj1+719dVut8\/OzuJo0CM9OjqavfZMJlMsFns8nnwxjUZLJBIMBoPNZpfa2Hew77DBYFAqldl7eHd3BwCora3Fj2W1Wul0ukQiwdGgR7qmpiZ3kcvlPj4+YuoRBKHRaPh5PwWG4fPzc7\/f397enl0JBoNEIrHQHEKBIMhischkMgIBbxBiTunq6mrM4IlEAgBAoVBwLXwOjM15PB46nd7Y2Ig+QhC0u7tbtMwWiyUSichkMnwZgiAg74fH8\/OzUCjMF8fjcQBAeac0huFIJIKWFsVms3G5XPys0WjUbDYLhcKmpib8fJgdPj09ValU+eJkMgkq0GEWi4UgyNXVFQDg9vYWAMBgMPDP897eHp\/Pn5ycLJoPLZxer0cjAwBWVlbkcvmHlzkKehzKTP7gfnp6EovFWq3W5\/OZTKZUKqXRaAYHB0t\/JaCcnJyMjY2JRCKFQjE9Pe1yuQop397eWltbTSYT+uj3+0vP\/ieD9YnH6XQuLi7yeDyDwUCj0Xp7e7lc7tzcXBkLjSAIgUDAn3AAAKPRuL293dLSwmQyeTxef39\/qYmLlgSG4ba2NovFUnp1v0YoFIrFYuWKVvzPw\/X1NQCgo6Oj1NJ+lbq6ujJGwzhREATFYrHso8PhUKvVLBarjFm\/EQzD4+PjarU6EAgAALxebzAYHBoaqvjG\/hUYQ2tra8vhcPh8PiaT2dnZOTAw8I0fKMoO9pT+wfx+l\/7p\/Br+6fwHi1ACuV8rhyQAAAAASUVORK5CYII=\" alt=\"captcha\" \/>\n\t\t\t<\/div>\n\t\t<\/div>\n\t\t\t\t\t\t\t<\/div>\n\t\t\t\t\t\n\t\t\t\t\t<div style=\"margin-top:10px\" class=\"wpabstracts form-group\">\n\t\t\t\t\t\t<div class=\"col-sm-12 controls\">\n\t\t\t\t\t\t\t<button id=\"wpabstracts-login\" class=\"btn btn-info btn-block\">\n\t\t\t\t\t\t\t\tIdentifiant\t\t\t\t\t\t\t\t<i class=\"fa fa-spinner fa-spin isloading\"><\/i>\n\t\t\t\t\t\t\t<\/button>\n\t\t\t\t\t\t<\/div>\n\t\t\t\t\t<\/div>\n\n\t\t\t\t\t<div class=\"wpabstracts form-group\">\n\t\t\t\t\t\t<div class=\"wpabstracts col-xs-12\">\n\t\t\t\t\t\t\t<input type=\"checkbox\" id=\"wpabstracts-remember\" value=\"forever\">\n\t\t\t\t\t\t\tSe souvenir de moi\t\t\t\t\t\t<\/div>\n\t\t\t\t\t<\/div>\n\n\t\t\t\t\t<div class=\"form-group\">\n\t\t\t\t\t\t<div class=\"col-md-12 control\">\n\t\t\t\t\t\t\t<div style=\"border-top: 1px solid #ccc; padding-top:15px; font-size:14px\">\n\t\t\t\t\t\t\t\tVous n'avez pas de compte? <a href=https:\/\/fluvial.solola.info\/index.php\/tableau-de-gestion-peif-congo\/?task=register>Cr\u00e9er un compte<\/a>\t\t\t\t\t\t\t<\/div>\n\t\t\t\t\t\t<\/div>\n\t\t\t\t\t<\/div>\n\n\t\t\t\t<\/form>\n\n\t\t\t<\/div>\n\t\t<\/div>\n\t<\/div>\n<\/div>\n<script type=\"text\/javascript\">\n\tjQuery(document).ready(function() {\n\t\tvar rememberme = localStorage.getItem('wpa_remember');\n\t\tif (rememberme) {\n\t\t\tvar rem = JSON.parse(rememberme);\n\t\t\tjQuery('#wpabstracts-remember').attr('checked', rem.remember);\n\t\t\tif (rem.remember) {\n\t\t\t\tjQuery('#wpabstracts-username').val(rem.username);\n\t\t\t}\n\t\t}\n\n\t\tvar manageLoader = function(show) {\n\t\t\tif (show) {\n\t\t\t\tjQuery('#wpabstracts-login i').removeClass('isloading');\n\t\t\t} else {\n\t\t\t\tjQuery('#wpabstracts-login i').addClass('isloading');\n\t\t\t}\n\t\t};\n\n\t\tjQuery('#wpabstracts-login').on('click', function(e) {\n\t\t\te.preventDefault();\n\t\t\tvar username = jQuery('#wpabstracts-username').val();\n\t\t\tvar password = jQuery('#wpabstracts-password').val();\n\t\t\tvar captcha = jQuery('#captcha_input').val();\n\t\t\tvar hash = jQuery('#captcha_hash').val();\n\t\t\tvar remember = jQuery('#wpabstracts-remember').is(':checked');\n\n\t\t\tif (!username || !password) {\n\t\t\t\tjQuery('#wpabstracts-alert').text(wpabstracts.sign_in_msg).show();\n\t\t\t\treturn;\n\t\t\t}\n\n\t\t\tif (hash && !captcha) {\n\t\t\t\tjQuery('#wpabstracts-alert').text(wpabstracts.captcha_required).show();\n\t\t\t\treturn;\n\t\t\t}\n\n\t\t\tvar rememberMe = {\n\t\t\t\t'remember': remember,\n\t\t\t\t'username': username\n\t\t\t};\n\t\t\tlocalStorage.setItem('wpa_remember', JSON.stringify(rememberMe));\n\n\t\t\tmanageLoader(true);\n\n\t\t\tvar ajax_data = {\n\t\t\t\taction: 'wpa_login',\n\t\t\t\tlog: username,\n\t\t\t\tpwd: password,\n\t\t\t\tcaptcha_input: captcha,\n\t\t\t\tcaptcha_hash: hash,\n\t\t\t\trememberme: remember\n\t\t\t};\n\n\t\t\tjQuery.ajax({\n\t\t\t\turl: wpabstracts.ajaxurl,\n\t\t\t\ttype: 'POST',\n\t\t\t\tdata: ajax_data,\n\t\t\t\tsuccess: function(data) {\n\t\t\t\t\tvar response = JSON.parse(data);\n\t\t\t\t\tif (response.success) {\n\t\t\t\t\t\tjQuery('#wpabstracts-alert')\n\t\t\t\t\t\t\t.removeClass('alert-danger')\n\t\t\t\t\t\t\t.addClass('alert-info')\n\t\t\t\t\t\t\t.text(response.message)\n\t\t\t\t\t\t\t.show();\n\t\t\t\t\t\twindow.location.href = response.redirect;\n\t\t\t\t\t} else {\n\t\t\t\t\t\tjQuery('#wpabstracts-alert').text(response.message).show();\n\t\t\t\t\t\tmanageLoader(false);\n\t\t\t\t\t}\n\t\t\t\t},\n\t\t\t\terror: function(xhr, status) {\n\t\t\t\t\tmanageLoader(false);\n\t\t\t\t\tconsole.log('Login Ajax Error: ', xhr);\n\t\t\t\t}\n\t\t\t});\n\t\t});\n\n\t\t\/\/ Toggle password visibility\n\t\tconst passwordInput = document.getElementById('wpabstracts-password');\n\t\tconst passwordIcon = document.getElementById('password-icon');\n\t\tconst toggle = document.querySelector('.password-toggle');\n\n\t\ttoggle.addEventListener('click', function() {\n\t\t\t\/\/ Toggle password visibility\n\t\t\tif (passwordInput.type === 'password') {\n\t\t\t\tpasswordInput.type = 'text';\n\t\t\t\tpasswordIcon.classList.remove('glyphicon-eye-open');\n\t\t\t\tpasswordIcon.classList.add('glyphicon-eye-close');\n\t\t\t} else {\n\t\t\t\tpasswordInput.type = 'password';\n\t\t\t\tpasswordIcon.classList.remove('glyphicon-eye-close');\n\t\t\t\tpasswordIcon.classList.add('glyphicon-eye-open');\n\t\t\t}\n\t\t});\n\t});\n<\/script>\n","protected":false},"excerpt":{"rendered":"<p>Le tableau de gestion des candidatures vous permet d\u2019acc\u00e9der \u00e0 votre compte en ligne pour d\u00e9poser vos candidatures et suivre leur \u00e9volution. Veuillez visiter d&rsquo;abord la page d&rsquo;accueil (onglet Formation et Emploi), c&rsquo;est l\u00e0 que se trouvent tous les appels [&#8230;]<\/p>\n","protected":false},"author":1,"featured_media":0,"parent":0,"menu_order":0,"comment_status":"closed","ping_status":"closed","template":"","meta":{"footnotes":""},"class_list":["post-55","page","type-page","status-publish","hentry"],"_links":{"self":[{"href":"https:\/\/fluvial.solola.info\/index.php\/wp-json\/wp\/v2\/pages\/55","targetHints":{"allow":["GET"]}}],"collection":[{"href":"https:\/\/fluvial.solola.info\/index.php\/wp-json\/wp\/v2\/pages"}],"about":[{"href":"https:\/\/fluvial.solola.info\/index.php\/wp-json\/wp\/v2\/types\/page"}],"author":[{"embeddable":true,"href":"https:\/\/fluvial.solola.info\/index.php\/wp-json\/wp\/v2\/users\/1"}],"replies":[{"embeddable":true,"href":"https:\/\/fluvial.solola.info\/index.php\/wp-json\/wp\/v2\/comments?post=55"}],"version-history":[{"count":5,"href":"https:\/\/fluvial.solola.info\/index.php\/wp-json\/wp\/v2\/pages\/55\/revisions"}],"predecessor-version":[{"id":72,"href":"https:\/\/fluvial.solola.info\/index.php\/wp-json\/wp\/v2\/pages\/55\/revisions\/72"}],"wp:attachment":[{"href":"https:\/\/fluvial.solola.info\/index.php\/wp-json\/wp\/v2\/media?parent=55"}],"curies":[{"name":"wp","href":"https:\/\/api.w.org\/{rel}","templated":true}]}}